. Calculate t(60).
-470
Let v(x) = x**3 - 140*x**2 + 5171*x - 19657. Calculate v(64).
-9
Let w(n) = 4*n**2 - 1430*n - 718. What is w(358)?
-2
Let i(j) = -10*j**2 - 217*j + 325. What is i(-24)?
-227
Let y(z) = -3247*z + 389331. Give y(120).
-309
Let g(r) = 2*r**2 + 814*r + 12161. Determine g(-15).
401
Let f(m) = 5*m**2 + 1368*m + 8037. Calculate f(-6).
9
Let p(q) = 3*q**2 + 490*q + 7826. Calculate p(-18).
-22
Let z(b) = -24120*b - 120584. What is z(-5)?
16
Let w(l) = -117107*l + 4567202. Determine w(39).
29
Let b(a) = -3*a**2 + 61*a - 115. Determine b(22).
-225
Let m(f) = 157*f**2 + 1723*f - 51. What is m(-11)?
-7
Let u(w) = -1157856*w - 3473573. Calculate u(-3).
-5
Let h(v) = -v**2 + 149*v + 2712. Give h(-22).
-1050
Let o(z) = 5*z**2 - 1809*z - 22408. Determine o(-12).
20
Let a(j) = j**3 + 355*j**2 + 10914*j - 8. What is a(-34)?
-8
Let s(i) = -2*i**3 + 900*i**2 - 75717*i + 1824. Calculate s(338).
134
Let n(d) = -19*d**2 - 166*d - 63. Determine n(-8).
49
Let o(i) = 121*i**2 + 636*i - 1823. Determine o(3).
1174
Let f(d) = 867*d - 10472. Determine f(12).
-68
Let j(d) = d**2 + 394*d + 30529. Give j(-288).
1
Let d(k) = -2*k**3 + 72*k**2 + 18*k - 1877. Give d(35).
1203
Let w(f) = 1119*f**2 - 20145*f + 52. Calculate w(18).
-2
Let m(p) = 2*p**2 - 127*p - 1691. What is m(-12)?
121
Let b(x) = -x**3 + 9*x**2 + 1653*x - 24646. Calculate b(16).
10
Let v(c) = 2*c**2 + 7559*c + 3013792. Give v(-453).
-17
Let c(u) = -70*u**2 + 250*u - 16. Determine c(4).
-136
Let u(h) = -2600*h - 14080. Determine u(-5).
-1080
Let r(q) = 1054*q - 19149. Calculate r(18).
-177
Let b(u) = 83*u - 2506. Calculate b(29).
-99
Let k(d) = d**3 + 38*d**2 - 766*d - 30781. Give k(-33).
-58
Let h(u) = -15*u**3 - 122*u**2 + 36*u + 343. Calculate h(-8).
-73
Let d(g) = 37*g - 39. What is d(51)?
1848
Let w(q) = 172636*q + 4661174. Give w(-27).
2
Let t(b) = 3*b**2 - 664*b - 167094. Calculate t(-150).
6
Let p(u) = 5776173*u - 92418765. Determine p(16).
3
Let q(t) = -t**3 - 488*t**2 - 49935*t - 285. Determine q(-146).
153
Let z(c) = -c**2 + 65*c - 868. Give z(42).
98
Let c(v) = -v**2 + 2653*v - 1600803. What is c(928)?
-3
Let p(t) = -t**3 - 1779*t**2 - 42120*t + 3. Give p(-24).
3
Let m(r) = -7*r**2 + 1286*r + 24661. Determine m(-18).
-755
Let w(o) = -o**3 - 108*o**2 - 391*o - 8013. What is w(-105)?
-33
Let a(u) = -101*u - 2800. What is a(-37)?
937
Let w(p) = 6*p**2 + 3131*p + 212099. Give w(-80).
19
Let r(y) = y**3 - 152*y**2 - 2733*y + 351541. Determine r(155).
1
Let y(o) = -689*o**2 + 106091*o + 2313. Give y(154).
3
Let g(h) = -502*h - 3758. Calculate g(-10).
1262
Let b(l) = -1983*l + 39666. Determine b(20).
6
Let p(x) = -597*x - 130127. Give p(-218).
19
Let f(j) = 3447*j - 24171. Calculate f(7).
-42
Let k(v) = 4*v**2 - 133220*v + 1198680. Give k(9).
24
Let r(f) = -6*f**2 + 119*f + 58882. Determine r(110).
-628
Let u(c) = 40*c**2 + 5639*c - 124. What is u(-141)?
17
Let n(t) = t**3 + 59*t**2 - 206*t - 5275. Calculate n(-61).
-151
Let c(f) = -305*f**2 - 25003*f + 571. What is c(-82)?
-3
Let l(c) = -c**3 - 171*c**2 + 4028*c - 231. What is l(-192)?
537
Let p(h) = 9*h**3 - 5285*h**2 + 1124*h + 29386. Give p(587).
36
Let n(q) = -15*q**3 - 7*q**2 + 12*q + 44. What is n(-3)?
350
Let v(f) = -3*f**2 - 60*f + 1044. Give v(15).
-531
Let a(w) = -5215*w**2 - 208598*w + 50. Give a(-40).
-30
Let r(a) = -2*a**3 - 336*a**2 - 630*a + 6029. Determine r(-166).
385
Let t(f) = 917*f - 40401. Calculate t(44).
-53
Let m(q) = -118*q + 3022. What is m(24)?
190
Let o(v) = -109*v + 2703. Determine o(21).
414
Let b(p) = -84234*p + 252710. Calculate b(3).
8
Let z(q) = 41131*q + 3701779. Calculate z(-90).
-11
Let a(y) = -6489*y**2 - 12995*y - 11. What is a(-2)?
23
Let f(x) = 5*x**3 - x**2 + 133*x + 17. Calculate f(0).
17
Let t(s) = -8*s**2 + 3979*s + 28442. Determine t(-7).
197
Let t(k) = -3*k**3 - 95*k**2 - 423*k + 31. What is t(-26)?
-463
Let t(q) = q**2 + 14*q - 12578. Calculate t(-117).
-527
Let i(x) = -12*x**2 - 2195*x + 2385. Give i(-184).
-7
Let x(y) = y**2 + 166*y + 4093. Give x(-135).
-92
Let w(c) = -2*c**3 - 486*c**2 - 19617*c - 61171. Give w(-193).
10
Let t(m) = -1736*m - 12919. Determine t(-6).
-2503
Let x(r) = -868*r**2 + 82*r - 184. What is x(2)?
-3492
Let o(a) = 5396*a - 3059532. Give o(567).
0
Let s(k) = 840*k - 19154. What is s(23)?
166
Let v(s) = 4*s**3 - 460*s**2 + 1302*s + 4697. Determine v(112).
-7
Let h(i) = -3*i**3 - 64*i**2 + 103*i + 2575. Determine h(-21).
-29
Let l(s) = -29*s**2 + 401*s - 1117. Give l(10).
-7
Let f(z) = -4*z**3 - 397*z + 398. What is f(1)?
-3
Let u(l) = 106*l**3 + 10*l**2 + 500*l + 488. Give u(-1).
-108
Let a(i) = -3*i**3 + 18*i**2 - 34*i - 40. Give a(3).
-61
Let s(x) = 4*x**2 - 355*x - 4844. Calculate s(-12).
-8
Let s(d) = 5*d**3 + 619*d**2 + 19126*d + 578. Determine s(-59).
-12
Let q(c) = -2*c**2 + 21231*c - 233300. What is q(11)?
-1
Let o(d) = 1622995*d + 4869026. What is o(-3)?
41
Let k(b) = -4*b**2 - 331*b - 8063. What is k(-41)?
-1216
Let w(d) = -3442*d + 61983. Give w(18).
27
Let s(p) = 277*p**2 - 48472*p + 28. Calculate s(175).
553
Let y(f) = -951*f**2 - 22847*f + 35. What is y(-24)?
587
Let w(r) = -r**3 + 52*r**2 - 826*r + 15377. Give w(41).
2
Let c(n) = -15*n**2 + 1866*n - 608. What is c(124)?
136
Let m(l) = 300*l + 87. Determine m(0).
87
Let u(l) = 3*l**2 - 656*l - 82144. Give u(-89).
3
Let p(g) = -g**3 + 91*g**2 + 1277*g - 4218. What is p(103)?
5
Let m(o) = 8*o**3 - 84*o**2 - 16*o + 69. Give m(11).
377
Let p(k) = -263*k - 1654. What is p(-9)?
713
Let w(y) = 3666*y + 29303. What is w(-8)?
-25
Let a(c) = -209*c**2 - 125814*c + 2329. Calculate a(-602).
-79
Let q(y) = 275*y + 4955. Give q(-20).
-545
Let l(w) = -328*w**2 + 809*w + 1624. Calculate l(-2).
-1306
Let q(t) = -2*t**2 + 22374*t - 67106. Calculate q(3).
-2
Let x(j) = -21*j**2 - 1238*j - 3714. Give x(-3).
-189
Let y(i) = -22*i**2 + 3813*i - 4974. Calculate y(172).
14
Let w(r) = 687*r + 272157. Determine w(-396).
105
Let n(v) = 281*v**2 - 2833*v - 22. Calculate n(10).
-252
Let o(k) = -2756*k + 16536. Give o(6).
0
Let u(w) = -w**3 + 72*w**2 - 84*w - 8449. Calculate u(69).
38
Let a(w) = -7*w**2 + 121730*w + 730644. Calculate a(-6).
12
Let h(b) = -b**3 + 27*b**2 - 124*b + 415. Give h(23).
-321
Let f(z) = -3*z**2 + 439*z - 10806. Determine f(115).
4
Let g(q) = -3*q**3 + 49*q**2 + 8*q - 615. Calculate g(16).
-231
Let v(l) = -l**3 - 12*l**2 - 5663*l - 91686. What is v(-16)?
-54
Let n(d) = 3*d**3 - 79*d**2 - 42*d - 324. Calculate n(27).
0
Let x(t) = -t**3 + 177*t**2 - 3875*t - 1325. Give x(26).
1
Let s(r) = -5*r**3 - 22*r**2 + 744*r - 2310. Calculate s(4).
-6
Let b(c) = 5924*c - 35582. Calculate b(6).
-38
Let a(v) = -201*v**2 + 1994*v + 13. Give a(10).
-147
Let d(t) = t**3 - 215*t**2 + 1259*t - 1130. Calculate d(209).
-85
Let c(h) = 1523*h - 26003. Give c(17).
-112
Let d(a) = 9*a**2 - 466*a + 2386. Calculate d(6).
-86
Let d(b) = b**3 - 89*b**2 - 3283*b + 282089. Determine d(91).
-102
Let p(s) = -s**2 + 6200*s - 561942. Determine p(92).
-6
Let d(m) = 10*m**2 - 18331*m + 165075. Give d(9).
906
Let d(p) = -2*p**2 + 185*p - 4456. Give d(58).
-454
Let q(a) = -43130*a + 9531729. Determine q(221).
-1
Let t(a) = a**2 + 431*a - 46276. What is t(89)?
4
Let l(a) = 216239*a - 1513565. Give l(7).
108
Let b(x) = x**2 + 27307*x - 81917. Determine b(3).
13
Let r(p) = 416*p - 19355. Determine r(46).
-219
Let q(r) = -r**3 - 67*r**2 + 1173*r - 14. What is q(-81)?
-3173
Let a(r) = -32*r**2 - 30449*r + 14274. What is a(-952)?
-6
Let q(j) = 1400*j**2 - 15402*j + 8. Determine q(11).
-14
Let i(d) = -52*d + 6067. Give i(117).
-17
Let v(w) = 118*w + 17. Calculate v(16).
1905
Let s(y) = -438*y - 11033. What is s(-20)?
-2273
Let y(p) = 317*p + 28597. Give y(-90).
67
Let a(v) = 4528*v + 9057. Determine a(-2).
1
Let y(r) = 2070260*r - 6210795. Calculate y(3).
-15
Let n(k) = -k**3 + 101*k**2 + 419*k - 378. What is n(105)?
-483
Let g(q) = -1745*q + 92520. Calculate g(53).
35
Let j(f) = 40638*f - 528341. What is j(13)?
-47
Let t(g) = g**2 - 52649*g + 578998. What is t(11)?
-20
Let w(z) = -z**2 + 1231*z + 47605. Determine w(-38).
-617
Let w(c) = -300*c - 2225. What is w(-6)?
-425
Let c(g) = 1792*g**2 + 132611*g + 151. Calculate c(-74).
-71
Let l(x) = 2522*x - 128725. Determine l(51).
-103
Let k(l) = -7*l**2 - 277*l + 21458. What is k(39)?
8
Let b(y) = y**